[INFO] fetching crate amfnwasm 0.3.1...
[INFO] building amfnwasm-0.3.1 against master#ff34b919075f35a1787659e9c448a34b06bab8de for issue-85264
[INFO] extracting crate amfnwasm 0.3.1 into /workspace/builds/worker-14/source
[INFO] validating manifest of crates.io crate amfnwasm 0.3.1 on toolchain ff34b919075f35a1787659e9c448a34b06bab8de
[INFO] running `Command { std: "/workspace/cargo-home/bin/cargo" "+ff34b919075f35a1787659e9c448a34b06bab8de" "metadata" "--manifest-path" "Cargo.toml" "--no-deps", kill_on_drop: false }`
[INFO] started tweaking crates.io crate amfnwasm 0.3.1
[INFO] finished tweaking crates.io crate amfnwasm 0.3.1
[INFO] tweaked toml for crates.io crate amfnwasm 0.3.1 written to /workspace/builds/worker-14/source/Cargo.toml
[INFO] running `Command { std: "/workspace/cargo-home/bin/cargo" "+ff34b919075f35a1787659e9c448a34b06bab8de" "generate-lockfile" "--manifest-path" "Cargo.toml" "-Zno-index-update", kill_on_drop: false }`
[INFO] running `Command { std: "/workspace/cargo-home/bin/cargo" "+ff34b919075f35a1787659e9c448a34b06bab8de" "fetch" "--manifest-path" "Cargo.toml", kill_on_drop: false }`
[INFO] running `Command { std: "docker" "create" "-v" "/var/lib/crater-agent-workspace/builds/worker-14/target:/opt/rustwide/target:rw,Z" "-v" "/var/lib/crater-agent-workspace/builds/worker-14/source:/opt/rustwide/workdir:ro,Z" "-v" "/var/lib/crater-agent-workspace/cargo-home:/opt/rustwide/cargo-home:ro,Z" "-v" "/var/lib/crater-agent-workspace/rustup-home:/opt/rustwide/rustup-home:ro,Z" "-e" "SOURCE_DIR=/opt/rustwide/workdir" "-e" "CARGO_TARGET_DIR=/opt/rustwide/target" "-e" "CARGO_HOME=/opt/rustwide/cargo-home" "-e" "RUSTUP_HOME=/opt/rustwide/rustup-home" "-w" "/opt/rustwide/workdir" "-m" "1610612736" "--user" "0:0" "--network" "none" "ghcr.io/rust-lang/crates-build-env/linux@sha256:20528e8c29e4536546f0102ce88568b16ea7538393a33fcca951030f7af10457" "/opt/rustwide/cargo-home/bin/cargo" "+ff34b919075f35a1787659e9c448a34b06bab8de" "metadata" "--no-deps" "--format-version=1", kill_on_drop: false }`
[INFO] [stdout] 28882c329630ad43477b682309eb098d74320df11e2e5f009656872d451e4df5
[INFO] [stderr] WARNING: Your kernel does not support swap limit capabilities or the cgroup is not mounted. Memory limited without swap.
[INFO] running `Command { std: "docker" "start" "-a" "28882c329630ad43477b682309eb098d74320df11e2e5f009656872d451e4df5", kill_on_drop: false }`
[INFO] running `Command { std: "docker" "inspect" "28882c329630ad43477b682309eb098d74320df11e2e5f009656872d451e4df5", kill_on_drop: false }`
[INFO] running `Command { std: "docker" "rm" "-f" "28882c329630ad43477b682309eb098d74320df11e2e5f009656872d451e4df5", kill_on_drop: false }`
[INFO] [stdout] 28882c329630ad43477b682309eb098d74320df11e2e5f009656872d451e4df5
[INFO] running `Command { std: "docker" "create" "-v" "/var/lib/crater-agent-workspace/builds/worker-14/target:/opt/rustwide/target:rw,Z" "-v" "/var/lib/crater-agent-workspace/builds/worker-14/source:/opt/rustwide/workdir:ro,Z" "-v" "/var/lib/crater-agent-workspace/cargo-home:/opt/rustwide/cargo-home:ro,Z" "-v" "/var/lib/crater-agent-workspace/rustup-home:/opt/rustwide/rustup-home:ro,Z" "-e" "SOURCE_DIR=/opt/rustwide/workdir" "-e" "CARGO_TARGET_DIR=/opt/rustwide/target" "-e" "CARGO_INCREMENTAL=0" "-e" "RUST_BACKTRACE=full" "-e" "RUSTFLAGS=--cap-lints=forbid" "-e" "CARGO_HOME=/opt/rustwide/cargo-home" "-e" "RUSTUP_HOME=/opt/rustwide/rustup-home" "-w" "/opt/rustwide/workdir" "-m" "1610612736" "--user" "0:0" "--network" "none" "ghcr.io/rust-lang/crates-build-env/linux@sha256:20528e8c29e4536546f0102ce88568b16ea7538393a33fcca951030f7af10457" "/opt/rustwide/cargo-home/bin/cargo" "+ff34b919075f35a1787659e9c448a34b06bab8de" "build" "--frozen" "--message-format=json", kill_on_drop: false }`
[INFO] [stdout] 0a9ef9d026c4ac918ac20447f7dce306bfd133b09ce0e20a30951e5bd9d0674d
[INFO] [stderr] WARNING: Your kernel does not support swap limit capabilities or the cgroup is not mounted. Memory limited without swap.
[INFO] running `Command { std: "docker" "start" "-a" "0a9ef9d026c4ac918ac20447f7dce306bfd133b09ce0e20a30951e5bd9d0674d", kill_on_drop: false }`
[INFO] [stderr]    Compiling proc-macro2 v1.0.27
[INFO] [stderr]    Compiling unicode-xid v0.2.2
[INFO] [stderr]    Compiling log v0.4.14
[INFO] [stderr]    Compiling cfg-if v1.0.0
[INFO] [stderr]    Compiling lazy_static v1.4.0
[INFO] [stderr]    Compiling memchr v2.4.0
[INFO] [stderr]    Compiling wasm-bindgen v0.2.74
[INFO] [stderr]    Compiling json v0.12.4
[INFO] [stderr]    Compiling compare v0.1.0
[INFO] [stderr]    Compiling num-traits v0.2.14
[INFO] [stderr]    Compiling num-integer v0.1.44
[INFO] [stderr]    Compiling rand v0.4.6
[INFO] [stderr]    Compiling time v0.1.44
[INFO] [stderr]    Compiling rand v0.3.23
[INFO] [stderr]    Compiling libmath v0.2.1
[INFO] [stderr]    Compiling aho-corasick v0.7.18
[INFO] [stderr]    Compiling quote v1.0.9
[INFO] [stderr]    Compiling syn v1.0.72
[INFO] [stderr]    Compiling rust_decimal v1.10.3
[INFO] [stderr]    Compiling regex v1.4.6
[INFO] [stderr]    Compiling chrono v0.4.19
[INFO] [stderr]    Compiling amfnengine v0.3.3
[INFO] [stderr]    Compiling wasm-bindgen-backend v0.2.74
[INFO] [stderr]    Compiling wasm-bindgen-macro-support v0.2.74
[INFO] [stderr]    Compiling wasm-bindgen-macro v0.2.74
[INFO] [stderr]    Compiling js-sys v0.3.51
[INFO] [stderr]    Compiling amfnwasm v0.3.1 (/opt/rustwide/workdir)
[INFO] [stdout] error[E0599]: no method named `util_parse_columns` found for struct `std::cell::Ref<'_, amfnengine::engine::CalcManager>` in the current scope
[INFO] [stdout]     --> src/lib.rs:1769:36
[INFO] [stdout]      |
[INFO] [stdout] 1769 |         let list_column = calc_mgr.util_parse_columns(table_type);
[INFO] [stdout]      |                                    ^^^^^^^^^^^^^^^^^^ method not found in `std::cell::Ref<'_, amfnengine::engine::CalcManager>`
[INFO] [stdout] 
[INFO] [stdout] 
[INFO] [stdout] error[E0599]: no method named `util_parse_summary` found for struct `std::cell::Ref<'_, amfnengine::engine::CalcManager>` in the current scope
[INFO] [stdout]     --> src/lib.rs:2009:37
[INFO] [stdout]      |
[INFO] [stdout] 2009 |         let list_summary = calc_mgr.util_parse_summary();
[INFO] [stdout]      |                                     ^^^^^^^^^^^^^^^^^^ method not found in `std::cell::Ref<'_, amfnengine::engine::CalcManager>`
[INFO] [stdout] 
[INFO] [stdout] 
[INFO] [stdout] error[E0599]: no function or associated item named `util_set_event_value` found for struct `amfnengine::engine::CalcManager` in the current scope
[INFO] [stdout]     --> src/lib.rs:2208:35
[INFO] [stdout]      |
[INFO] [stdout] 2208 |         let result = CalcManager::util_set_event_value(
[INFO] [stdout]      |                                   ^^^^^^^^^^^^^^^^^^^^ function or associated item not found in `amfnengine::engine::CalcManager`
[INFO] [stdout] 
[INFO] [stdout] 
[INFO] [stdout] error[E0599]: no function or associated item named `util_set_extension_values` found for struct `amfnengine::engine::CalcManager` in the current scope
[INFO] [stdout]     --> src/lib.rs:2270:26
[INFO] [stdout]      |
[INFO] [stdout] 2270 |         if !CalcManager::util_set_extension_values(
[INFO] [stdout]      |                          ^^^^^^^^^^^^^^^^^^^^^^^^^ function or associated item not found in `amfnengine::engine::CalcManager`
[INFO] [stdout] 
[INFO] [stdout] 
[INFO] [stdout] error[E0599]: no function or associated item named `util_set_parameter_values` found for struct `amfnengine::engine::CalcManager` in the current scope
[INFO] [stdout]     --> src/lib.rs:2335:26
[INFO] [stdout]      |
[INFO] [stdout] 2335 |         if !CalcManager::util_set_parameter_values(
[INFO] [stdout]      |                          ^^^^^^^^^^^^^^^^^^^^^^^^^ function or associated item not found in `amfnengine::engine::CalcManager`
[INFO] [stdout] 
[INFO] [stdout] 
[INFO] [stdout] error[E0599]: no method named `util_parse_columns` found for struct `std::cell::Ref<'_, amfnengine::engine::CalcManager>` in the current scope
[INFO] [stdout]     --> src/lib.rs:2419:36
[INFO] [stdout]      |
[INFO] [stdout] 2419 |         let list_column = calc_mgr.util_parse_columns(table_type);
[INFO] [stdout]      |                                    ^^^^^^^^^^^^^^^^^^ method not found in `std::cell::Ref<'_, amfnengine::engine::CalcManager>`
[INFO] [stdout] 
[INFO] [stdout] 
[INFO] [stdout] error[E0599]: no method named `util_am_value` found for struct `std::cell::Ref<'_, amfnengine::engine::CalcManager>` in the current scope
[INFO] [stdout]     --> src/lib.rs:2458:44
[INFO] [stdout]      |
[INFO] [stdout] 2458 |                         let val = calc_mgr.util_am_value(list_column.column(), &list_am);
[INFO] [stdout]      |                                            ^^^^^^^^^^^^^ method not found in `std::cell::Ref<'_, amfnengine::engine::CalcManager>`
[INFO] [stdout] 
[INFO] [stdout] 
[INFO] [stdout] error[E0599]: no method named `util_am_value` found for struct `std::cell::Ref<'_, amfnengine::engine::CalcManager>` in the current scope
[INFO] [stdout]     --> src/lib.rs:2504:44
[INFO] [stdout]      |
[INFO] [stdout] 2504 |                         let val = calc_mgr.util_am_value(list_column.column(), &list_am);
[INFO] [stdout]      |                                            ^^^^^^^^^^^^^ method not found in `std::cell::Ref<'_, amfnengine::engine::CalcManager>`
[INFO] [stdout] 
[INFO] [stdout] 
[INFO] [stdout] error[E0599]: no method named `util_event_value` found for struct `std::cell::Ref<'_, amfnengine::engine::CalcManager>` in the current scope
[INFO] [stdout]     --> src/lib.rs:2553:44
[INFO] [stdout]      |
[INFO] [stdout] 2553 |                         let val = calc_mgr.util_event_value(list_column.column());
[INFO] [stdout]      |                                            ^^^^^^^^^^^^^^^^ method not found in `std::cell::Ref<'_, amfnengine::engine::CalcManager>`
[INFO] [stdout] 
[INFO] [stdout] 
[INFO] [stdout] error: aborting due to 9 previous errors
[INFO] [stdout] 
[INFO] [stdout] 
[INFO] [stdout] For more information about this error, try `rustc --explain E0599`.
[INFO] [stdout] 
[INFO] [stderr] error: could not compile `amfnwasm`
[INFO] [stderr] 
[INFO] [stderr] To learn more, run the command again with --verbose.
[INFO] running `Command { std: "docker" "inspect" "0a9ef9d026c4ac918ac20447f7dce306bfd133b09ce0e20a30951e5bd9d0674d", kill_on_drop: false }`
[INFO] running `Command { std: "docker" "rm" "-f" "0a9ef9d026c4ac918ac20447f7dce306bfd133b09ce0e20a30951e5bd9d0674d", kill_on_drop: false }`
[INFO] [stdout] 0a9ef9d026c4ac918ac20447f7dce306bfd133b09ce0e20a30951e5bd9d0674d
